lculate the highest common divisor of r and 1488.
93
Let c = -550 + 837. Suppose y + 152 = 4*j - 239, 3*j - 2*y - c = 0. What is the highest common divisor of 264 and j?
33
Let f(d) = -4*d**2 + 9*d - 1. Let m be f(1). Suppose -5*s - 1 = 9, 2*u + m*s - 24 = 0. Suppose 30 + 34 = 4*r. What is the highest common divisor of r and u?
16
Suppose -27*k - 33 + 52 = -89. Let c(s) = 3*s**2 - 7*s - 10. Let t be c(-3). What is the highest common divisor of k and t?
2
Let y = 124 - 113. Suppose 0*b = -y*b + 110. Calculate the highest common divisor of 70 and b.
10
Let u(r) = 10*r**3 + 6*r**2 + 4*r + 7. Let k be u(3). Calculate the highest common divisor of k and 77.
7
Let o = 26 - 24. Let g be 7/(6/o - (1 + 3)). Let t(s) = -28*s - 9. Let f be t(g). Calculate the highest common factor of f and 11.
11
Let q be -6*(-1890)/243 - (-16)/(-6). What is the greatest common divisor of q and 1276?
44
Suppose -21*c - 5488 = -35*c. What is the highest common factor of c and 434?
14
Let t(b) = -b**3 - 20*b**2 + 49*b + 1115. Let s be t(-20). Calculate the greatest common divisor of 81 and s.
27
Let f(x) = 2*x**3 - 9*x**2 - 34*x - 11. Let n be f(11). What is the greatest common factor of n and 180?
36
Suppose -l = -3*k - 6, -5*l - 3*k = -2*l - 18. Suppose 7*j - l*j - 320 = 0. What is the highest common divisor of 20 and j?
20
Let a(w) = 10*w**3 - 5*w + 16*w + 10*w**2 - 7*w**3 + 14 - 4*w**3. Let h be a(11). Let q = 115 - -11. Calculate the greatest common divisor of h and q.
14
Suppose -2*d + 52 + 426 = 10*s, -3*s - 2*d + 156 = 0. Suppose -5*b - 540 = 4*h - 1726, 4*h - 4*b - 1204 = 0. Calculate the highest common factor of s and h.
23
Let t be (-260)/(-15) + (-2)/6. Suppose -20*a - 3*z + 78 = -t*a, 0 = -3*a + z + 70. Calculate the highest common divisor of 552 and a.
24
Suppose -b = -23 - 12. Suppose -61191 + 62346 = 33*o. Calculate the greatest common factor of o and b.
35
Let y be (-12)/(-9) + 562/6. Let i be 7/49 - (-24)/(-14)*-11. Calculate the greatest common divisor of y and i.
19
Let a = 13 + -13. Suppose -5*l = -30 - a. Let z be 67/l + 2/(-12). What is the greatest common factor of 99 and z?
11
Let s = -1537 + 1545. What is the highest common divisor of s and 40?
8
Let c(o) = 3*o**2 - 11*o - 89. Let b be c(15). Let h = -351 + b. Calculate the greatest common divisor of 35 and h.
35
Suppose 2*d + 33 = v + d, -d - 3 = 0. Suppose 2*t - 12 = -4*o + 2, -2*t + 4*o = -v. What is the greatest common divisor of 4 and t?
1
Suppose 4*d + 5*n + 3596 = 9*n, -4*d + n = 3608. Let x = -867 - d. Calculate the highest common factor of 84 and x.
12
Let f(a) = a - 7. Let q be f(11). Let g = 1 + q. Let p = g - -5. Calculate the highest common factor of p and 2.
2
Let l(y) = y**3 + 17*y**2 + 24*y - 254. Let x be l(-10). Calculate the greatest common factor of x and 10403.
103
Let n be -7*1*4/(-8 - -4). Suppose -n*m - 30 = -m. Let o be (m + -2)*12/(-14). Calculate the highest common divisor of o and 54.
6
Let q be (36/(-4))/(6/4*(-26)/117). Let v be ((-14)/(-6) + -1)*648. Calculate the highest common divisor of v and q.
27
Let i(g) = 2*g - 6. Let y be i(5). Let p = 73 - 112. Let l be p/(-2)*(-7 - (-116)/12). Calculate the greatest common divisor of y and l.
4
Let z = -16 - -46. Let a(r) = -6*r**3 - 66*r**2 + 78*r + 126. Let w be a(-12). What is the greatest common divisor of z and w?
6
Let k be (540/50)/((-8)/60). Let n = 237 + k. Calculate the greatest common divisor of n and 12.
12
Suppose -v + 6*f = -88 + 41, 3*f - 296 = -4*v. What is the greatest common divisor of 7171 and v?
71
Suppose -7*t = -6*t. Suppose -5*i + 517 - 57 = t. Suppose -88 = i*a - 96*a. Calculate the greatest common divisor of a and 242.
22
Let k be -3 + (-15490)/(-35) - (-27)/63. Calculate the greatest common divisor of 32 and k.
8
Let i(g) = 5*g**2 + 1. Let n be i(-1). Suppose -3*c + 7 = -3*q - 50, -5*q + 38 = 2*c. Suppose 23*t = c*t + 96. Calculate the greatest common divisor of n and t.
6
Suppose 0 = -308*w + 271*w + 4662. Calculate the greatest common factor of w and 2205.
63
Suppose 2*f - 138 = 78. Suppose 0 = -6*z + 3*z + f. Let l(y) = y + 21. Let c be l(-9). Calculate the greatest common factor of z and c.
12
Suppose -50*d + 2047 = -46*d + m, -3*m = -3*d + 1554. What is the greatest common divisor of 8379 and d?
171
Let v be (-1*(-2 + 3) - -12)*8. Suppose -5*m + v = -12. Suppose -3*h - 5*k = -22, 7*h + 3*k = 2*h + 26. Calculate the highest common factor of m and h.
4
Let h(o) be the first derivative of 34*o**3/3 - 7*o**2/2 - 8*o + 38. Let m be h(-1). What is the highest common factor of m and 198?
33
Let z = -210 + 211. Let f be z*(23 - (-12)/(-3)). What is the greatest common divisor of 380 and f?
19
Suppose -30*c - 30636 = -190*c + 12*c. What is the highest common factor of c and 299?
23
Let n = 206 + -108. Let y = -113299 + 113985. Calculate the greatest common divisor of y and n.
98
Let s be 526056/828*(-9)/(-2). What is the greatest common factor of s and 6?
3
Suppose -6*u + 3*u + 15 = 0, 5*i - 12315 = -2*u. Calculate the highest common divisor of 856 and i.
107
Let q = 2865 - 2828. What is the highest common factor of q and 1591?
37
Let p = -805 - -2093. What is the greatest common divisor of p and 168?
56
Let v = -155 + 236. Suppose 3*b = -3*u + v, -3*u = 3*b - 7*u - 74. Suppose r = -0 + b. Calculate the greatest common factor of r and 2.
2
Suppose 20*s = -44 + 244. Suppose 21*a - 16*a - 729 = 4*j, 0 = -3*a + 2*j + 437. Calculate the highest common divisor of s and a.
5
Let u = -37 + 43. Suppose -u*y = 4*y - 2800. Suppose 9*m + y = 13*m. What is the highest common factor of m and 20?
10
Suppose -4*d - 4385 = -5*g, 2*d = 68*g - 65*g - 2633. Suppose -888*s + g*s + 700 = 0. What is the highest common divisor of 140 and s?
20
Let k = -824 - -1356. Let b = -520 + k. Calculate the greatest common factor of 102 and b.
6
Let w = 4 - 1. Let q = -171 + 179. Suppose 118 = q*j - 50. Calculate the greatest common divisor of j and w.
3
Suppose 0 = -22*j + 18*j + 3*h - 826, h = 2. Let r = j + 231. Suppose 2*k - 2 = 570. What is the highest common divisor of r and k?
26
Let y(z) = 2*z**2 - 80*z - 63. Let x be y(41). What is the greatest common divisor of x and 779?
19
Suppose v = -3*t + 2*v - 886, -2*v = 2*t + 588. Let d = -187 - t. Calculate the greatest common divisor of d and 45.
9
Let i(q) = 2*q**3 - 17*q**2 + 45*q - 10. Let o be i(4). Suppose 5*u - 25 = 0, v + 3*u + 4 - 149 = 0. Calculate the highest common factor of o and v.
26
Let v(a) = -a**2 + 7*a + 52. Let q be v(10). Let r be (6/10)/(q/220). Calculate the greatest common divisor of 63 and r.
3
Let i be (-4)/14 + (-384)/(-21). Let c(x) = 176*x + 1435. Let v be c(-8). Calculate the highest common divisor of i and v.
9
Suppose 4*b = 4*u + 204, -2*b - u + 117 = -0*b. Let n = 14 + -12. Let y be (n + 30)*(-2)/(-4). Calculate the greatest common factor of y and b.
8
Let g = -255 + 372. Let f = 417 - g. Calculate the highest common divisor of 30 and f.
30
Let f be ((-6)/(-5))/((-9)/(-945)). Let j(q) = q**3 - q**2. Let c be j(0). Suppose -2*b - b + 54 = c. What is the greatest common divisor of f and b?
18
Let d(f) = 2*f**2 + 5*f + 17. Suppose 0 = -4*c - 4*r - 48, -3*c + 7*c + 5*r = -51. Let u be d(c). What is the greatest common factor of 201 and u?
67
Suppose -428 = -21*n + 3856. Suppose -14 = -b + 2*p, 2*p + 110 = 2*b + 3*b. Calculate the greatest common factor of b and n.
12
Let j = -40 + 411. Let s = -187 + j. What is the greatest common divisor of s and 23?
23
Let x(y) = 1359*y + 7027. Let m be x(-5). Calculate the greatest common divisor of m and 168.
8
Let c be (8302/(-6))/(4/(72/210) + -12). Calculate the highest common factor of c and 7.
7
Let d(f) = 22*f - 1870. Let s be d(88). Calculate the greatest common divisor of s and 30.
6
Let c be (-4)/14*98/(-7). Suppose -2*d + 0 = -6, b = -c*d + 14. Suppose 558 = 3*v - 4*a, v - b*v = 3*a - 173. What is the greatest common factor of 26 and v?
26
Let y(o) = 466*o - 877. Let p be y(2). Let k = -49 + 137. What is the highest common divisor of k and p?
11
Suppose -15*c + 41*c - 82004 = 0. What is the highest common factor of 76 and c?
38
Suppose -105*j + 5631 + 21144 = 0. Calculate the highest common divisor of j and 459.
51
Suppose 0 = -4*m + 5*g + 6505 + 11812, -5*g - 22895 = -5*m. Calculate the highest common 